te (-13 - -10 - -14) + -7 + -14.
-10
Evaluate 198 + -196 - (4 - -1 - (-5 - -2)).
-6
What is 14 + 1 + -36 + 8?
-13
What is 7 - ((-5 + 1 - -13) + 13 - 11)?
-4
What is the value of (-14 - (-14 + -9)) + -20?
-11
0 - 22 - (291 - 301)
-12
3 + (-17 + 5 - -11)
2
-2 + 7 + -16 + 11 + 4 - 29
-25
Calculate (-4 - (4 + -2)) + (18 - 21).
-9
What is 7 + 6 + -6 + -3 - 4 - 7?
-7
What is the value of -10 + (4 - (9 + -18 + 3))?
0
Calculate 4 - (0 - 2) - ((8 - 19) + 21).
-4
Evaluate (-24 - -11) + 7 - (-14 + 0 + -4).
12
What is the value of -12 + (6 - 1) - -12 - (6 - -10)?
-11
What is the value of (8 - -1) + 3 + (-3 - (-1 + 2))?
8
Evaluate (-12 - (3 - -1) - -19) + -19.
-16
Evaluate (-32 - -22) + 54 - 24.
20
What is 4 + 13 + 0 - (34 - 25)?
8
(59 - 33 - -4) + -24
6
What is -21 - -2 - ((192 - 199) + (0 - 1))?
-11
What is the value of 0 + 1 + 9 - (141 + -116)?
-15
Evaluate -620 - -613 - (-1 - (0 - -2 - 0)).
-4
Calculate -2 + -1 + 6 + -5 - (13 + 0).
-15
Calculate -4 + (233 - 216 - (11 - 2)).
4
Calculate (1 - (-4 - (-2 - -2))) + 6.
11
19 + -17 + (5 - (10 + -9))
6
Evaluate -18 - (10 - (22 + 21)).
15
-7 - -14 - (0 + 21)
-14
What is 6 + -13 + -3 + 15?
5
-18 + 9 + 40 - (-3 + 10)
24
What is the value of 30 - 8 - (-11 + 14 + 0)?
19
Evaluate -16 - -21 - (6 - 4) - -8.
11
Calculate 28 + -17 + (0 - 10) - (-1 - -44).
-42
(-5 - (11 - (-7 + 40))) + (-2 - -6)
21
Evaluate 10 + -2 + 10 + -16 + 5 + -7.
0
Calculate (-26 - -32) + ((-4 - -9) + 2 - 1).
12
What is the value of -32 - (-5 + (-11 - -12) - 8)?
-20
36 + (-92 - -37) - (2 + 0)
-21
Evaluate -3 + -16 + -3 + 0 - (-118 - -119).
-23
Calculate 101 + -89 + 15 - (-7 - 0).
34
Evaluate 21 + (4 + 6 - (-3 + 7)) - 9.
18
Evaluate -23 + 31 - (4 + 0 - -28).
-24
What is the value of -3 + 13 - (-4 - (6 + -7))?
13
What is (-15 - -4 - (36 - 55)) + (17 - -2)?
27
-3 - 2 - 1 - 1 - (-19 + -2)
14
Evaluate -21 - (-5 + -23 + 29).
-22
Calculate -4 + (-20 - (-17 + -7)).
0
What is (11 - 7) + (-16 - (-5 + 6) - -2)?
-11
What is the value of (12 - (-14 - -74 - 16)) + 0 + 8?
-24
Calculate -212 + 208 + (1 - 3) + 2.
-4
Calculate 13 - ((2 - -23) + -8) - (2 - -8).
-14
-2 + (10 - 6) + -7 + 1 + 4
0
Calculate 22 - (7 + -38 + 16 + 6).
31
What is the value of 26 + 7 + (9 - 28)?
14
What is the value of -10 + 21 + -2 + 0 - (-8 - -15)?
2
What is -2 + 8 + (-7 - (7 - 5))?
-3
10 - (-4 + (-10 - -13))
11
Evaluate 8 + (-11 + 1 - (-2 + -4)) + -12.
-8
-9 + (-5 - (0 + -14))
0
What is (-6 - (-13 - -6)) + -5?
-4
Calculate 14 + (0 - (-8 + 2 - -8)).
12
What is the value of (1 + -15 - -5) + 9?
0
Calculate 3 + (36 - 17 - 10 - (-1 + 7)).
6
48 + -72 - (-34 + 0)
10
3 - -2 - (-11 + 7 + 13)
-4
What is -33 - (30 + -72 + 29)?
-20
Evaluate 2 + -6 + 3 + 0 - 0.
-1
Calculate -7 - (-17 + 4 - 3).
9
-4 + (11 - 11 - -18)
14
What is (-7 - -18) + 5 + 2 + -4?
14
Evaluate 34 + -5 - (-7 - (2 + -23)).
15
Calculate -19 - (13 - (4 + 13)) - -2.
-13
What is the value of 1 + 0 + -4 - (55 - 54) - -2?
-2
Evaluate -5 - -4 - -10 - -1.
10
Evaluate (-6 - (0 - -1)) + -17 + 30 + 2.
8
Calculate -7 + -2 + (-5 - (3 + -22)).
5
What is the value of (0 - 9) + (-31 + 27 - (-8 + 1))?
-6
Evaluate (-2 - -10) + (13 - (-1 + 27)).
-5
What is the value of -18 + (-6 + 12 - -4) - (3 + 2)?
-13
Evaluate 8 + -20 + 8 - (-14 - -4).
6
What is the value of -13 - 7 - (39 - 36)?
-23
Evaluate -8 - (-8 - (17 + -5 - 8)).
4
What is 0 - 6 - (8 + (9 + -4 - 10))?
-9
Evaluate -11 - 17 - (-1 + -5) - (0 - 0).
-22
What is the value of 7 - (-1 + 18 + -6 + (-13 - 2))?
11
What is the value of -41 + 35 + (1 - 7 - (-7 + 4))?
-9
-16 + (13 - -4 - 26) - (-1 - 1)
-23
Calculate -5 - 2 - (-3 + -15).
11
Evaluate (-23 - (-12 + -17)) + (-4 - (-2 - 0)).
4
What is the value of 13 + (8 - 17) - -6?
10
(392 - 413) + (-9 - (-1 + -1))
-28
Evaluate (19 - 6) + -8 - 1 - 11.
-7
What is the value of -9 - (-17 - (-16 + 5 + 15))?
12
-22 + -10 + 19 - -19 - (26 + 1)
-21
Evaluate (-20 - (-17 + -18)) + -13.
2
Evaluate 4 - (-7 + 5 + (-4 - -14)).
-4
-31 + (21 - -32) + -28
-6
Calculate (-15 - (0 + -19)) + -1 + -2 + -8.
-7
0 - (22 - ((-4 - (8 + -16)) + -3))
-21
Evaluate (30 - (17 + -6)) + -5 + 5 + -9.
10
What is the value of 0 + (-17 - (7 + -8) - -12 - 8)?
-12
What is the value of 13 - (-4 - -12 - (-4 + 15))?
16
Calculate -17 + -1 + 10 - -14.
6
Calculate -22 - -41 - (6 - 2).
15
-5 + 11 + (0 - 14)
-8
Calculate (-7 - -3 - (0 - 2)) + 27 + -13.
12
What is the value of -36 + 30 + 3 + 1 + 14?
12
What is the value of -1 - (3 + (-7 - -15) - 7 - 8)?
3
What is the value of (-1 - -1) + (-8 + 3 - 16)?
-21
What is the value of 679 - 682 - (19 + 1)?
-23
What is 8 + 7 + 0 + -14 - -7?
8
Calculate -2 - -10 - 4 - 5 - 1.
-2
What is the value of 64 - 93 - (-18 - 0)?
-11
What is the value of -26 - (7 + 3 + -1 - (2 - -4))?
-29
What is the value of (22 - 8) + 6 - 47?
-27
Evaluate -1027 - -1042 - (32 + 1).
-18
Calculate 2 - -20 - (-126 + 133).
15
What is (-15 - -39) + (-6 - (9 + -7 + -2))?
18
-9 - (40 + -44 - (4 - -3))
2
What is 12 + -4 + (-1 - -2 - -3)?
12
What is ((9 - 3) + -6 - 1) + (12 - 0)?
11
Calculate (-8 - -24) + (-1 - (1 + -3 + 12)).
5
Evaluate 43 + -50 - (2 + 0 + -3 - 0).
-6
30 - 48 - (-40 + 10 + 9)
3
What is the value of 3 + (11 - (-1 + 13)) + (6 - -12)?
20
Calculate 24 - (4 - -1 - (-10 + 33 + -25)).
17
25 - (10 + (-9 - -13))
11
Evaluate -34 - -41 - (-17 + 1 + (-3 - -6)).
20
Evaluate -1 - (3 - -3) - -11.
4
Calculate -45 + 51 + (3 - (19 + 0 + -2)).
-8
-23 - (23 - 24 - 4)
-18
-30 + (7 - 6 - -30)
1
What is -18 - -15 - -32 - 18?
11
What is -1 + 9 + (-6 - (4 - 3))?
1
-37 + (-3 + (4 - -7) - -2)
-27
-26 + 31 - (-21 - -34)
-8
Calculate -37 + 38 + (9 - 1).
9
What is the value of -8 + (-12 - -1 - (-16 - (-2 + -8)))?
-13
What is the value of -11 + (-5 - (-15 + -7) - 4)?
2
What is the value of -4 + 6 + (-2 + 12 - 2)?
10
-27 - (-26 - (-20 - -18))
-3
What is the value of (7 - 22) + (3 - -6) + (-1 - -5)?
-2
Evaluate 0 - ((-13 - -33) + -11).
-9
39 + 1 - (628 + -587)
-1
-1 - (7 + -7 + -2 + 10 - -7)
-16
Evaluate -12 + 25 - (-30 + 35).
8
What is the value of -26 + (19 - 5) - -8?
-4
What is the value of 7 + (20 + -6 - 29)?
-8
What is -5 + -72 + (120 - 79)?
-36
What is 55 - (-18 + 64) - (14 - -1)?
-6
What is the value of (37 - (46 + -15)) + (3 - (-1 + 1))?
9
Calculate -2 - (3 + 0 - -1) - (43 + -55).
6
Calculate 2 + 12 + 3 + -8 + 4.
13
What is (-1 - 1 - (88 - 132)) + -11?
31
-25 + 47 - (14 + -3)
11
Calculate -22 - (-15 + 5 + (6 - 5)).
-13
What is -3 + 33 - (-18 - -25)?
23
Calculate -18 - -11 - (15 + -42).
20
Calculate -84 + 77 - (-54 + 6).
41
What is -2 + -1 + (6 - (27 + -6)) + 15?
-3
Calculate -44 - 0 - (28 - 41) - -10.
-21
Calculate 2 - 9 - ((1 - -6 - 13) + 11).
-12
Evaluate (28 - 13 - 6) + -50 + 13.
-28
-3 + (1 - (0 - 0)) + (-6 - -6)
-2
What is 26 - ((2 - (2 + 0)) + 1) - 8?
17
(0 + -5 - 5) + 60 + -58
-8
What is (-2 - -5) + (122 - 155)?
-30
Evaluate 7 - (-11 - 3 - -12).
9
What is (-23 - -1) + 145 + -137?
-14
Calculate 4 - (-7 + 25) - 1.
-15
What is the value of 7 + -7 + 4 - (27 - 20)?
-3
Evaluate -2 + -14 + 50 + -34.
0
What is 9 + -3 - (-1 - 6) - 2 - 0?
11
-10 - (15 - (8 + -6 - -8))
-15
Evaluate (6 - (-1 - -19)) + 0 + (0 - 2).
-14
Evaluate -34 + 12 - (-24 + -22).
24
What is -9 + 6 + -1 + (3 - (-6 - -6))?
-1
What is 27 - 3 - 32 - 13?
-21
Evaluate 44 - (81 - 31) - (2 - (5 + -2)).
-5
What is the value of (-4 - -3) + -14 - -7?
-8
Evaluate 143 + -154 - (-1 + 1).
-11
Calculate -13 - (-22 - 3 - (32 + -38)).
6
Evaluate (6 - -2) + (-30 - (23 + -50)).
5
Calculate -23 - (-18 - 23 - -12).
6
Evaluate -9 - 3 - (24 - 28).
-8
What is the value of -3 + -4 + -34 + 45?
4
59 + -54 - (2 - (-16 + 1))
-12
Calculate 198 + -180 - (-1 + -5).
24
25 + -13 + (-16 - -25)
21
What is 1 - 1 - (78 + -76)?
-2
Evaluate (-54 + 26 - -31) + 19.
22
Calculate (38 - 0) + (-203 - -154).
-11
Evaluate 9 + -10 + -6 + 0 + (-29 - -4).
-32
What is -6 - (8 - ((-6 - -2) + 16))?
-2
Calculate (4 - (-1 + 0) - (1170 + -1167)) + -19.
-17
What is the value of 156 - (-105 + 260) - (0 - (0 + -1))?
0
-6 + -10 + 38 - 14
8
Calculate (-4 - (3 + -12)) + -1 + -12.
-8
Evaluate (2 + -14 - 4) + (37 - 24).
-3
Calculate 25 + -15 + -9 - (-5 + -4).
10
What is (-7 - (-3 + -2)) + 5 + 0?
3
What is the value of (-29 - (-60 + 20)) + -26 + -1?
-16
Evaluate -15 + (-17 - -31) + 32 + -2.
29
What is the value of -3 + 0 - (-68 - -60) - 2 - 7?
-4
What is 12 + -34 + 16 + 24?
18
(1 - 3 - (-16 + 4 + 16)) + 5
